{"id":4339,"date":"2014-03-14T15:00:12","date_gmt":"2014-03-14T15:00:12","guid":{"rendered":"http:\/\/lifealnus.eu\/novetats\/"},"modified":"2019-05-20T15:32:58","modified_gmt":"2019-05-20T13:32:58","slug":"novedades","status":"publish","type":"page","link":"https:\/\/lifealnus.eu\/es\/novedades\/","title":{"rendered":"Novedades"},"content":{"rendered":"<h3>ACCI\u00d3 C3<\/h3>\n<p>El passat dilluns 5 de mar\u00e7 hi va haver una reuni\u00f3 a La Pedrera per planificar les l\u00ednies generals d&#8217;actuaci\u00f3 d el&#8217;acci\u00f3 C3.1\u00a0 \u201cRestauraci\u00f3 dels boscos al\u00b7luvials en les riberes de la ZEC Alt Segre\u201d.<\/p>\n<p>Aquesta acci\u00f3 consisteix en Implementar 4 projectes demostratius i experimentals en trams fortament alterats del Segre, ter i Bes\u00f3s que requereixin t\u00e8cniques complexes, proporcionant solucions per les principals problem\u00e0tiques de l\u2019h\u00e0bitat en l\u2019arc mediterrani.<\/p>\n<p><img loading=\"lazy\" decoding=\"async\" class=\"alignnone size-medium wp-image-4142\" src=\"http:\/\/lifealnus.eu\/wp-content\/uploads\/2018\/03\/20180305_104242.jpg\" alt=\"\" width=\"300\" height=\"225\" srcset=\"https:\/\/lifealnus.eu\/wp-content\/uploads\/2018\/03\/20180305_104242.jpg 3264w, https:\/\/lifealnus.eu\/wp-content\/uploads\/2018\/03\/20180305_104242-300x225.jpg 300w, https:\/\/lifealnus.eu\/wp-content\/uploads\/2018\/03\/20180305_104242-768x576.jpg 768w, https:\/\/lifealnus.eu\/wp-content\/uploads\/2018\/03\/20180305_104242-1024x768.jpg 1024w, https:\/\/lifealnus.eu\/wp-content\/uploads\/2018\/03\/20180305_104242-810x608.jpg 810w, https:\/\/lifealnus.eu\/wp-content\/uploads\/2018\/03\/20180305_104242-560x420.jpg 560w, https:\/\/lifealnus.eu\/wp-content\/uploads\/2018\/03\/20180305_104242-867x650.jpg 867w, https:\/\/lifealnus.eu\/wp-content\/uploads\/2018\/03\/20180305_104242-120x90.jpg 120w\" sizes=\"auto, (max-width: 300px) 100vw, 300px\" \/><img loading=\"lazy\" decoding=\"async\" class=\"alignnone size-medium wp-image-4145\" src=\"http:\/\/lifealnus.eu\/wp-content\/uploads\/2018\/03\/CapturaInundacioT50.png\" alt=\"\" width=\"300\" height=\"232\" srcset=\"https:\/\/lifealnus.eu\/wp-content\/uploads\/2018\/03\/CapturaInundacioT50.png 960w, https:\/\/lifealnus.eu\/wp-content\/uploads\/2018\/03\/CapturaInundacioT50-300x232.png 300w, https:\/\/lifealnus.eu\/wp-content\/uploads\/2018\/03\/CapturaInundacioT50-768x593.png 768w, https:\/\/lifealnus.eu\/wp-content\/uploads\/2018\/03\/CapturaInundacioT50-810x625.png 810w, https:\/\/lifealnus.eu\/wp-content\/uploads\/2018\/03\/CapturaInundacioT50-560x432.png 560w, https:\/\/lifealnus.eu\/wp-content\/uploads\/2018\/03\/CapturaInundacioT50-842x650.png 842w, https:\/\/lifealnus.eu\/wp-content\/uploads\/2018\/03\/CapturaInundacioT50-117x90.png 117w\" sizes=\"auto, (max-width: 300px) 100vw, 300px\" \/><\/p>\n","protected":false},"excerpt":{"rendered":"<p>ACCI\u00d3 C3 El passat dilluns 5 de mar\u00e7 hi va haver una reuni\u00f3 a La Pedrera per planificar les l\u00ednies generals d&#8217;actuaci\u00f3 d el&#8217;acci\u00f3 C3.1\u00a0 \u201cRestauraci\u00f3 dels boscos al\u00b7luvials en les riberes de la ZEC Alt Segre\u201d. Aquesta acci\u00f3 consisteix en Implementar 4 projectes demostratius i experimentals en trams fortament alterats del Segre, ter i [&hellip;]<\/p>\n","protected":false},"author":1,"featured_media":0,"parent":0,"menu_order":0,"comment_status":"closed","ping_status":"closed","template":"post-list-date-exposed.php","meta":{"_acf_changed":false,"footnotes":"","_links_to":"","_links_to_target":""},"class_list":["post-4339","page","type-page","status-publish","hentry"],"acf":[],"yoast_head":"<!-- This site is optimized with the Yoast SEO plugin v27.4 - https:\/\/yoast.com\/product\/yoast-seo-wordpress\/ -->\n<title>Life Alnus: el bosc del riu | Consulta aqu\u00ed totes les novetats del projecte<\/title>\n<meta name=\"description\" content=\"Consulteu les novetats, actualitat i not\u00edcies m\u00e9s recents sobre el projecte &quot;Life Alnus: el bosc del riu&quot;. Si voleu rebre la informaci\u00f3 de forma autom\u00e0tica, apunteu-vos al newsletter!\" \/>\n<meta name=\"robots\" content=\"index, follow, max-snippet:-1, max-image-preview:large, max-video-preview:-1\" \/>\n<link rel=\"canonical\" href=\"https:\/\/lifealnus.eu\/es\/novedades\/\" \/>\n<meta property=\"og:locale\" content=\"es_ES\" \/>\n<meta property=\"og:type\" content=\"article\" \/>\n<meta property=\"og:title\" content=\"Life Alnus: el bosc del riu | Consulta aqu\u00ed totes les novetats del projecte\" \/>\n<meta property=\"og:description\" content=\"Consulteu les novetats, actualitat i not\u00edcies m\u00e9s recents sobre el projecte &quot;Life Alnus: el bosc del riu&quot;. Si voleu rebre la informaci\u00f3 de forma autom\u00e0tica, apunteu-vos al newsletter!\" \/>\n<meta property=\"og:url\" content=\"https:\/\/lifealnus.eu\/es\/novedades\/\" \/>\n<meta property=\"og:site_name\" content=\"LIFE Alnus\" \/>\n<meta property=\"article:modified_time\" content=\"2019-05-20T13:32:58+00:00\" \/>\n<meta property=\"og:image\" content=\"http:\/\/lifealnus.eu\/wp-content\/uploads\/2018\/03\/20180305_104242.jpg\" \/>\n<meta name=\"twitter:card\" content=\"summary_large_image\" \/>\n<script type=\"application\/ld+json\" class=\"yoast-schema-graph\">{\"@context\":\"https:\\\/\\\/schema.org\",\"@graph\":[{\"@type\":\"WebPage\",\"@id\":\"https:\\\/\\\/lifealnus.eu\\\/es\\\/novedades\\\/\",\"url\":\"https:\\\/\\\/lifealnus.eu\\\/es\\\/novedades\\\/\",\"name\":\"Life Alnus: el bosc del riu | Consulta aqu\u00ed totes les novetats del projecte\",\"isPartOf\":{\"@id\":\"https:\\\/\\\/lifealnus.eu\\\/#website\"},\"primaryImageOfPage\":{\"@id\":\"https:\\\/\\\/lifealnus.eu\\\/es\\\/novedades\\\/#primaryimage\"},\"image\":{\"@id\":\"https:\\\/\\\/lifealnus.eu\\\/es\\\/novedades\\\/#primaryimage\"},\"thumbnailUrl\":\"http:\\\/\\\/lifealnus.eu\\\/wp-content\\\/uploads\\\/2018\\\/03\\\/20180305_104242.jpg\",\"datePublished\":\"2014-03-14T15:00:12+00:00\",\"dateModified\":\"2019-05-20T13:32:58+00:00\",\"description\":\"Consulteu les novetats, actualitat i not\u00edcies m\u00e9s recents sobre el projecte \\\"Life Alnus: el bosc del riu\\\". Si voleu rebre la informaci\u00f3 de forma autom\u00e0tica, apunteu-vos al newsletter!\",\"breadcrumb\":{\"@id\":\"https:\\\/\\\/lifealnus.eu\\\/es\\\/novedades\\\/#breadcrumb\"},\"inLanguage\":\"es\",\"potentialAction\":[{\"@type\":\"ReadAction\",\"target\":[\"https:\\\/\\\/lifealnus.eu\\\/es\\\/novedades\\\/\"]}]},{\"@type\":\"ImageObject\",\"inLanguage\":\"es\",\"@id\":\"https:\\\/\\\/lifealnus.eu\\\/es\\\/novedades\\\/#primaryimage\",\"url\":\"http:\\\/\\\/lifealnus.eu\\\/wp-content\\\/uploads\\\/2018\\\/03\\\/20180305_104242.jpg\",\"contentUrl\":\"http:\\\/\\\/lifealnus.eu\\\/wp-content\\\/uploads\\\/2018\\\/03\\\/20180305_104242.jpg\"},{\"@type\":\"BreadcrumbList\",\"@id\":\"https:\\\/\\\/lifealnus.eu\\\/es\\\/novedades\\\/#breadcrumb\",\"itemListElement\":[{\"@type\":\"ListItem\",\"position\":1,\"name\":\"Inici\",\"item\":\"https:\\\/\\\/lifealnus.eu\\\/es\\\/\"},{\"@type\":\"ListItem\",\"position\":2,\"name\":\"Novedades\"}]},{\"@type\":\"WebSite\",\"@id\":\"https:\\\/\\\/lifealnus.eu\\\/#website\",\"url\":\"https:\\\/\\\/lifealnus.eu\\\/\",\"name\":\"LIFE Alnus\",\"description\":\"\",\"potentialAction\":[{\"@type\":\"SearchAction\",\"target\":{\"@type\":\"EntryPoint\",\"urlTemplate\":\"https:\\\/\\\/lifealnus.eu\\\/?s={search_term_string}\"},\"query-input\":{\"@type\":\"PropertyValueSpecification\",\"valueRequired\":true,\"valueName\":\"search_term_string\"}}],\"inLanguage\":\"es\"}]}<\/script>\n<!-- \/ Yoast SEO plugin. -->","yoast_head_json":{"title":"Life Alnus: el bosc del riu | Consulta aqu\u00ed totes les novetats del projecte","description":"Consulteu les novetats, actualitat i not\u00edcies m\u00e9s recents sobre el projecte \"Life Alnus: el bosc del riu\". Si voleu rebre la informaci\u00f3 de forma autom\u00e0tica, apunteu-vos al newsletter!","robots":{"index":"index","follow":"follow","max-snippet":"max-snippet:-1","max-image-preview":"max-image-preview:large","max-video-preview":"max-video-preview:-1"},"canonical":"https:\/\/lifealnus.eu\/es\/novedades\/","og_locale":"es_ES","og_type":"article","og_title":"Life Alnus: el bosc del riu | Consulta aqu\u00ed totes les novetats del projecte","og_description":"Consulteu les novetats, actualitat i not\u00edcies m\u00e9s recents sobre el projecte \"Life Alnus: el bosc del riu\". Si voleu rebre la informaci\u00f3 de forma autom\u00e0tica, apunteu-vos al newsletter!","og_url":"https:\/\/lifealnus.eu\/es\/novedades\/","og_site_name":"LIFE Alnus","article_modified_time":"2019-05-20T13:32:58+00:00","og_image":[{"url":"http:\/\/lifealnus.eu\/wp-content\/uploads\/2018\/03\/20180305_104242.jpg","type":"","width":"","height":""}],"twitter_card":"summary_large_image","schema":{"@context":"https:\/\/schema.org","@graph":[{"@type":"WebPage","@id":"https:\/\/lifealnus.eu\/es\/novedades\/","url":"https:\/\/lifealnus.eu\/es\/novedades\/","name":"Life Alnus: el bosc del riu | Consulta aqu\u00ed totes les novetats del projecte","isPartOf":{"@id":"https:\/\/lifealnus.eu\/#website"},"primaryImageOfPage":{"@id":"https:\/\/lifealnus.eu\/es\/novedades\/#primaryimage"},"image":{"@id":"https:\/\/lifealnus.eu\/es\/novedades\/#primaryimage"},"thumbnailUrl":"http:\/\/lifealnus.eu\/wp-content\/uploads\/2018\/03\/20180305_104242.jpg","datePublished":"2014-03-14T15:00:12+00:00","dateModified":"2019-05-20T13:32:58+00:00","description":"Consulteu les novetats, actualitat i not\u00edcies m\u00e9s recents sobre el projecte \"Life Alnus: el bosc del riu\". Si voleu rebre la informaci\u00f3 de forma autom\u00e0tica, apunteu-vos al newsletter!","breadcrumb":{"@id":"https:\/\/lifealnus.eu\/es\/novedades\/#breadcrumb"},"inLanguage":"es","potentialAction":[{"@type":"ReadAction","target":["https:\/\/lifealnus.eu\/es\/novedades\/"]}]},{"@type":"ImageObject","inLanguage":"es","@id":"https:\/\/lifealnus.eu\/es\/novedades\/#primaryimage","url":"http:\/\/lifealnus.eu\/wp-content\/uploads\/2018\/03\/20180305_104242.jpg","contentUrl":"http:\/\/lifealnus.eu\/wp-content\/uploads\/2018\/03\/20180305_104242.jpg"},{"@type":"BreadcrumbList","@id":"https:\/\/lifealnus.eu\/es\/novedades\/#breadcrumb","itemListElement":[{"@type":"ListItem","position":1,"name":"Inici","item":"https:\/\/lifealnus.eu\/es\/"},{"@type":"ListItem","position":2,"name":"Novedades"}]},{"@type":"WebSite","@id":"https:\/\/lifealnus.eu\/#website","url":"https:\/\/lifealnus.eu\/","name":"LIFE Alnus","description":"","potentialAction":[{"@type":"SearchAction","target":{"@type":"EntryPoint","urlTemplate":"https:\/\/lifealnus.eu\/?s={search_term_string}"},"query-input":{"@type":"PropertyValueSpecification","valueRequired":true,"valueName":"search_term_string"}}],"inLanguage":"es"}]}},"_links":{"self":[{"href":"https:\/\/lifealnus.eu\/es\/wp-json\/wp\/v2\/pages\/4339","targetHints":{"allow":["GET"]}}],"collection":[{"href":"https:\/\/lifealnus.eu\/es\/wp-json\/wp\/v2\/pages"}],"about":[{"href":"https:\/\/lifealnus.eu\/es\/wp-json\/wp\/v2\/types\/page"}],"author":[{"embeddable":true,"href":"https:\/\/lifealnus.eu\/es\/wp-json\/wp\/v2\/users\/1"}],"replies":[{"embeddable":true,"href":"https:\/\/lifealnus.eu\/es\/wp-json\/wp\/v2\/comments?post=4339"}],"version-history":[{"count":3,"href":"https:\/\/lifealnus.eu\/es\/wp-json\/wp\/v2\/pages\/4339\/revisions"}],"predecessor-version":[{"id":4475,"href":"https:\/\/lifealnus.eu\/es\/wp-json\/wp\/v2\/pages\/4339\/revisions\/4475"}],"wp:attachment":[{"href":"https:\/\/lifealnus.eu\/es\/wp-json\/wp\/v2\/media?parent=4339"}],"curies":[{"name":"wp","href":"https:\/\/api.w.org\/{rel}","templated":true}]}}

<h3>ACCIÓ C3</h3>
<p>El passat dilluns 5 de març hi va haver una reunió a La Pedrera per planificar les línies generals d&#8217;actuació d el&#8217;acció C3.1  “Restauració dels boscos al·luvials en les riberes de la ZEC Alt Segre”.</p>
<p>Aquesta acció consisteix en Implementar 4 projectes demostratius i experimentals en trams fortament alterats del Segre, ter i Besós que requereixin tècniques complexes, proporcionant solucions per les principals problemàtiques de l’hàbitat en l’arc mediterrani.</p>
<p><img loading="lazy" decoding="async" class="alignnone size-medium wp-image-4142" src="http://lifealnus.eu/wp-content/uploads/2018/03/20180305_104242.jpg" alt="" width="300" height="225" srcset="https://lifealnus.eu/wp-content/uploads/2018/03/20180305_104242.jpg 3264w, https://lifealnus.eu/wp-content/uploads/2018/03/20180305_104242-300x225.jpg 300w, https://lifealnus.eu/wp-content/uploads/2018/03/20180305_104242-768x576.jpg 768w, https://lifealnus.eu/wp-content/uploads/2018/03/20180305_104242-1024x768.jpg 1024w, https://lifealnus.eu/wp-content/uploads/2018/03/20180305_104242-810x608.jpg 810w, https://lifealnus.eu/wp-content/uploads/2018/03/20180305_104242-560x420.jpg 560w, https://lifealnus.eu/wp-content/uploads/2018/03/20180305_104242-867x650.jpg 867w, https://lifealnus.eu/wp-content/uploads/2018/03/20180305_104242-120x90.jpg 120w" sizes="auto, (max-width: 300px) 100vw, 300px" /><img loading="lazy" decoding="async" class="alignnone size-medium wp-image-4145" src="http://lifealnus.eu/wp-content/uploads/2018/03/CapturaInundacioT50.png" alt="" width="300" height="232" srcset="https://lifealnus.eu/wp-content/uploads/2018/03/CapturaInundacioT50.png 960w, https://lifealnus.eu/wp-content/uploads/2018/03/CapturaInundacioT50-300x232.png 300w, https://lifealnus.eu/wp-content/uploads/2018/03/CapturaInundacioT50-768x593.png 768w, https://lifealnus.eu/wp-content/uploads/2018/03/CapturaInundacioT50-810x625.png 810w, https://lifealnus.eu/wp-content/uploads/2018/03/CapturaInundacioT50-560x432.png 560w, https://lifealnus.eu/wp-content/uploads/2018/03/CapturaInundacioT50-842x650.png 842w, https://lifealnus.eu/wp-content/uploads/2018/03/CapturaInundacioT50-117x90.png 117w" sizes="auto, (max-width: 300px) 100vw, 300px" /></p>

<p>ACCIÓ C3 El passat dilluns 5 de març hi va haver una reunió a La Pedrera per planificar les línies generals d&#8217;actuació d el&#8217;acció C3.1  “Restauració dels boscos al·luvials en les riberes de la ZEC Alt Segre”. Aquesta acció consisteix en Implementar 4 projectes demostratius i experimentals en trams fortament alterats del Segre, ter i [&hellip;]</p>

<!-- This site is optimized with the Yoast SEO plugin v27.4 - https://yoast.com/product/yoast-seo-wordpress/ -->
<title>Life Alnus: el bosc del riu | Consulta aquí totes les novetats del projecte</title>
<meta name="description" content="Consulteu les novetats, actualitat i notícies més recents sobre el projecte &quot;Life Alnus: el bosc del riu&quot;. Si voleu rebre la informació de forma automàtica, apunteu-vos al newsletter!" />
<meta name="robots" content="index, follow, max-snippet:-1, max-image-preview:large, max-video-preview:-1" />
<link rel="canonical" href="https://lifealnus.eu/es/novedades/" />
<meta property="og:locale" content="es_ES" />
<meta property="og:type" content="article" />
<meta property="og:title" content="Life Alnus: el bosc del riu | Consulta aquí totes les novetats del projecte" />
<meta property="og:description" content="Consulteu les novetats, actualitat i notícies més recents sobre el projecte &quot;Life Alnus: el bosc del riu&quot;. Si voleu rebre la informació de forma automàtica, apunteu-vos al newsletter!" />
<meta property="og:url" content="https://lifealnus.eu/es/novedades/" />
<meta property="og:site_name" content="LIFE Alnus" />
<meta property="article:modified_time" content="2019-05-20T13:32:58+00:00" />
<meta property="og:image" content="http://lifealnus.eu/wp-content/uploads/2018/03/20180305_104242.jpg" />
<meta name="twitter:card" content="summary_large_image" />
<script type="application/ld+json" class="yoast-schema-graph">{"@context":"https:\/\/schema.org","@graph":[{"@type":"WebPage","@id":"https:\/\/lifealnus.eu\/es\/novedades\/","url":"https:\/\/lifealnus.eu\/es\/novedades\/","name":"Life Alnus: el bosc del riu | Consulta aquí totes les novetats del projecte","isPartOf":{"@id":"https:\/\/lifealnus.eu\/#website"},"primaryImageOfPage":{"@id":"https:\/\/lifealnus.eu\/es\/novedades\/#primaryimage"},"image":{"@id":"https:\/\/lifealnus.eu\/es\/novedades\/#primaryimage"},"thumbnailUrl":"http:\/\/lifealnus.eu\/wp-content\/uploads\/2018\/03\/20180305_104242.jpg","datePublished":"2014-03-14T15:00:12+00:00","dateModified":"2019-05-20T13:32:58+00:00","description":"Consulteu les novetats, actualitat i notícies més recents sobre el projecte \"Life Alnus: el bosc del riu\". Si voleu rebre la informació de forma automàtica, apunteu-vos al newsletter!","breadcrumb":{"@id":"https:\/\/lifealnus.eu\/es\/novedades\/#breadcrumb"},"inLanguage":"es","potentialAction":[{"@type":"ReadAction","target":["https:\/\/lifealnus.eu\/es\/novedades\/"]}]},{"@type":"ImageObject","inLanguage":"es","@id":"https:\/\/lifealnus.eu\/es\/novedades\/#primaryimage","url":"http:\/\/lifealnus.eu\/wp-content\/uploads\/2018\/03\/20180305_104242.jpg","contentUrl":"http:\/\/lifealnus.eu\/wp-content\/uploads\/2018\/03\/20180305_104242.jpg"},{"@type":"BreadcrumbList","@id":"https:\/\/lifealnus.eu\/es\/novedades\/#breadcrumb","itemListElement":[{"@type":"ListItem","position":1,"name":"Inici","item":"https:\/\/lifealnus.eu\/es\/"},{"@type":"ListItem","position":2,"name":"Novedades"}]},{"@type":"WebSite","@id":"https:\/\/lifealnus.eu\/#website","url":"https:\/\/lifealnus.eu\/","name":"LIFE Alnus","description":"","potentialAction":[{"@type":"SearchAction","target":{"@type":"EntryPoint","urlTemplate":"https:\/\/lifealnus.eu\/?s={search_term_string}"},"query-input":{"@type":"PropertyValueSpecification","valueRequired":true,"valueName":"search_term_string"}}],"inLanguage":"es"}]}</script>
<!-- / Yoast SEO plugin. -->

Life Alnus: el bosc del riu | Consulta aquí totes les novetats del projecte

Consulteu les novetats, actualitat i notícies més recents sobre el projecte "Life Alnus: el bosc del riu". Si voleu rebre la informació de forma automàtica, apunteu-vos al newsletter!
